 - 2*b - 5/2*b**2 + 1/4*b**4 + 20. Determine f(p).
2
Suppose 0 = 4*q - 3*y + 530, 0 = 2*q - 5*y - 0*y + 258. Let x = 128 + q. Let c(b) = 2*b + 0*b - 29 - b + 36. Give c(x).
1
Suppose -166 = -25*o - 123 + 157. Let n(i) = 4*i + 8*i**2 - i**3 - 3 + 0 - 6. What is n(o)?
23
Let t(h) be the second derivative of 7*h**3/6 + 9*h**2/2 + 22*h. Let a be t(-1). Let w(g) = -34*g**2 + 63*g**2 - a*g - 28*g**2 - 4. Give w(4).
4
Let c(i) = i**2 - 11*i + 24. Let l be c(10). Suppose -2*w + 5*p = -6*w - 7, 0 = w + 2*p + 4. Let h be w/(-1)*l/28. Let j(r) = -r - 1. Determine j(h).
0
Suppose -2 = 4*d - 5*t + 3, 0 = -d - t - 8. Let l(z) = -16*z**2 + 8*z - 35. Let n(o) = 3*o**2 - o + 7. Let v(c) = 2*l(c) + 11*n(c). What is v(d)?
7
Let t be 36 - (14 + -10 + 33). Let i be (-2)/(-1) - (2 + -5). Let v(g) = 0 + 0 - i*g. Calculate v(t).
5
Let r(h) = h - 9. Let k be r(8). Let x(a) = -a**3 - 7*a**2 + 8*a + 2. Let i be x(-8). Let t(w) = -1 - w - 42*w**i + 28*w**2 + 17*w**2. Determine t(k).
3
Let j(i) = 2*i + 1. Let t be (-4)/(1 + -3) - 20/(-1). Let l = t - 2. Let v = l + -25. What is j(v)?
-9
Let q(u) be the second derivative of 7*u**3/6 + 44*u**2 - 11046*u. What is q(-18)?
-38
Let o(b) be the first derivative of b**5/40 - 3*b**4/8 + 26*b**3/3 - 16. Let x(p) be the third derivative of o(p). What is x(6)?
9
Let s(c) be the first derivative of c**4/4 + c**3/3 - 53*c**2/2 + 2*c + 111. Let j(r) be the second derivative of s(r). Give j(-4).
-22
Let g(v) be the third derivative of v**5/30 + 5*v**4/24 - 3*v**3/2 + 2672*v**2. What is g(-4)?
3
Let l(z) = 11*z**2 + 1 + 2*z**3 - 6 + 5*z - 4*z**2 - z**3. Let c(s) = 93*s - 1680. Let b be c(18). Calculate l(b).
1
Let q(f) = f**3 - 5*f**2 + f + 1. Let a(m) = m**3 + 2*m**2 + 4*m + 3. Let y be a(-1). Let s be (-48)/(-12) - (-2 + (2 - y)). What is q(s)?
-11
Let r(a) = -8*a**2 - 251*a + 421. Let u be r(-33). Let p(i) = 2*i**2 + 2*i - 9. What is p(u)?
103
Suppose 5*c = -5*q - 10, 3*q = -20 + 5. Let w(l) = -1372*l**3 - 7*l**2 + 2746*l**c - 1375*l**3 - l. Calculate w(-7).
7
Let w(f) be the third derivative of -f**6/2 - f**5/30 - f**4/12 - f**3/6 - 1063*f**2. Give w(-1).
59
Let l be (-126)/49 - -7 - (-8)/14. Let q(m) = m**3 - 4*m**2 - 3*m - 10. Let f be q(l). Let n(h) = h**3 - 2 + 4*h - 4*h - h**2 - h. What is n(f)?
-2
Let z(f) = -11*f + 4. Let l = 2741 + -2744. What is z(l)?
37
Let j(f) be the third derivative of f**4/6 + 2*f**3/3 - f**2. Suppose 3*l = -4*s + 145 - 152, 9*s - 18 = 0. What is j(l)?
-16
Let o(h) = 20*h - 254. Let l be o(13). Let g(a) = l - 5 + 2 - 11 - 5*a. What is g(-6)?
22
Suppose 51 = 20*l - 9. Let f(j) = 89*j + 7*j**2 - 96*j - l + 7 + j**3. Determine f(-8).
-4
Let c(i) = -i**3 - i - 5. Suppose -4*t + 19 = -29. Let a be 0/((6 + t)/6). Determine c(a).
-5
Suppose -9 = -x - 3*b, -b + 20 = -4*x - 9. Let n(t) be the first derivative of 3*t**2 + 8*t + 7/3*t**3 + 1/4*t**4 - 106. Determine n(x).
8
Let v(c) be the first derivative of -c**4/4 + 19*c**3/3 - 35*c**2/2 - 9*c - 129. Calculate v(17).
-26
Let j = 690 + -688. Let l be 0 + 10 + -3 - j. Let h(w) = -w**2 + 6*w - 7. Calculate h(l).
-2
Suppose -5*u + 17 + 3 = -f, 4*u - 16 = 2*f. Suppose -50*k + 60*k = f. Let o(n) = 2*n - 6. Calculate o(k).
-6
Let h = 112 - 111. Let q(y) = -5*y**3 + 5*y**2 - 9*y + 5. Determine q(h).
-4
Let m(g) = -39*g - 7. Let f(t) be the first derivative of 29*t**2 + 11*t - 23. Let x(q) = 5*f(q) + 8*m(q). Give x(-1).
21
Let v(k) = -6*k**3 - 5*k**2 + 8. Let s(h) = -37*h**3 - 34*h**2 + 54. Let o(m) = -4*s(m) + 27*v(m). Suppose 5*j - q + 6 = 0, 2*j - q = -0*q - 3. Calculate o(j).
15
Let s(n) = 8*n - 80. Let q be s(15). Let g be q/(-8)*12/(-20). Let x(b) = -b**3 + 2*b**2 + 2*b - 7. Calculate x(g).
-10
Let z(j) = -78*j - 79. Let m(h) = -19*h - 5. Let a(p) = 4*m(p) - z(p). Give a(-31).
-3
Let v(t) = -t - 7. Let s = -44 + 45. Suppose -3*g - 1 = -z, 2*g + z = 4*g + s. Let d be g + (4 + -4)/(4/(-2)). Calculate v(d).
-7
Suppose 3*k = 7 + 2, -4*p - 5*k + 23 = 0. Let q(n) = -3 - 2*n**3 + n - 7*n + n**3 + 7*n**p. Let a be ((-6)/(-4) + 1)*(20 - (-2376)/(-135)). Determine q(a).
-3
Let f(w) = -w**3 - 2*w**2 + w. Let v(p) = -7*p**3 - p**2 + 23*p - 29. Let g(l) = -6*f(l) + v(l). Calculate g(12).
31
Suppose -96*m + 270 = -90*m. Let j = 19 + -10. Let p be (52/10 - j/m) + -2. Let z(i) = -4*i + 3. Calculate z(p).
-9
Let f be 10/(-3)*(-120)/25. Let m(u) = 9*u - 2 + 0 + 8*u**2 + 1 - f*u - u**3. Suppose p = 6*p - 35. Give m(p).
-1
Let r(p) = -10*p - 100. Let i be r(39). Let d be (-9 - i/63) + 2/9. Let l(f) = 6*f**2 + 1. What is l(d)?
7
Let d(j) = 3*j**2 - 21*j - 11. Let z(q) = 2*q**2 - 21*q - 14. Let f(a) = -5*d(a) + 4*z(a). Let n(i) = 3*i**2 - 9*i. Let x(k) = 2*f(k) + 5*n(k). Determine x(5).
8
Let o(q) = -6*q + 2 + 224*q**2 - q**3 - 220*q**2 + 3 + 0*q. Let j(h) = h**2 - 6*h + 6. Let p be j(7). Let z = p - 9. Determine o(z).
-19
Let j(v) = -29*v + 8*v + 8*v - 118 + 19*v - 13. Determine j(23).
7
Suppose 2*g - 352 = 284. Suppose 308 - g = -5*x. Let w(r) = -3*r**2 + 4*r - 3. Let j(m) = -m**3. Let v(n) = 2*j(n) - w(n). Calculate v(x).
-9
Let c(t) = 31*t**3 - 4*t**2 - 3*t + 6. Let j(z) = -72*z**3 + 8*z**2 + 6*z - 11. Let y(u) = 7*c(u) + 3*j(u). What is y(4)?
-3
Suppose -12 = -2*y - 2. Suppose -y*f + 0*f - 10 = 5*m, -4*m - 16 = -4*f. Let n(k) = -21*k + 37. Let o(j) = 8*j - 13. Let t(u) = 6*n(u) + 17*o(u). What is t(f)?
11
Suppose 945 = -13*q - 17*q + 165*q. Let c(m) = 10*m - 55. What is c(q)?
15
Suppose 6 - 16 = -5*a. Let u(h) = 88*h**a - h - 5 - 51*h**2 - 38*h**2. What is u(0)?
-5
Let a(f) be the second derivative of -f**6/360 + 7*f**5/120 - 7*f**4/24 - 2*f**3/3 - 7*f**2/2 + 27*f. Let q(i) be the second derivative of a(i). Give q(5).
3
Let t(f) = f**3 - 5*f**2 + 5*f - 6. Let o = -30 + 72. Suppose 0 = -s + 3 - 1. Let q be (s/3)/(7/o). What is t(q)?
-2
Let t be -4*((-24)/(-42) - (-102)/(-56)). Suppose b = -t*p + 3*b + 18, -24 = -2*p + 5*b. Let i(s) = -21 + 16*s - 7*s - s**p + 9. Give i(8).
-4
Let j(q) = 2*q**2 + 18*q + 1. Suppose -669 = 68*r - 151 + 26. Calculate j(r).
-15
Let z(s) = -s**2 - 11*s + 8. Let o(f) = f**3 - 42*f**2 + 42*f - 54. Let q be o(41). Give z(q).
-18
Let g be 5/((-10)/(-12)) + (12 - 15). Let l(t) = 2*t**2 - 147 - g*t**2 + 296 - 150. Calculate l(2).
-5
Suppose 4*b - 3 = -3*a, -4*a - 2*b + 14 = -0*b. Let x(l) = -2*l**2 + 7 - 17*l - 2*l + 38*l - 15*l. What is x(a)?
-23
Let o(x) = 2*x - 6 - 3*x - x**3 + 6805*x**2 + 3*x + 4 - 6806*x**2. Calculate o(2).
-10
Let q be (-105)/9 - (7/3 - 3). Let f(l) = -l**3 - 10*l**2 + 6*l - 16. What is f(q)?
39
Let a = -220 - -338. Let d = a - 112. Let z(u) = -2*u + 4. Give z(d).
-8
Let k = 30486 - 30485. Let j(x) = -8*x**3 + x**2. What is j(k)?
-7
Let p(s) = s**2 - 18*s + 43. Let i(y) = y**2 - 122*y + 2712. Let g be i(93). Determine p(g).
-2
Let v(z) = -z - 6. Let g be v(0). Let k(n) = -n**3 - 4*n**2 + 15*n + 16. Let b be k(g). Let y(t) = t**3 + t**2 + 2*t + 2. Give y(b).
-6
Let k(l) = -652*l - 25 - 11*l**2 + 774*l - 17 + 44. Calculate k(11).
13
Let n = 863 + -855. Suppose -2*j = -4*r - 16, 0 = j + 4*r - n*r - 18. Let y(i) = i**2 + 0*i + 3*i + i**2. What is y(j)?
2
Let i(b) = -2*b**3 - b + 1. Let x be i(1). Let l(s) be the third derivative of s**4/6 - 17*s**2 + 7*s. Give l(x).
-8
Suppose 4*h - 5*h - 5 = 0. Let f = -2 - h. Let m(g) = -g - 4*g + f*g + 3*g - 14. Calculate m(0).
-14
Let y = 239491/6 + -39915. Let f(o) be the third derivative of 15*o**2 + 0*o**4 + 0 + 0*o + y*o**3 - 1/60*o**5. Give f(2).
-3
Let j(o) = -1412 - 2*o - 1351 + 2770. Let d(v) = -v**3 + 7*v**2 + 6. Let t be d(7). What is j(t)?
-5
Let s(g) be the second derivative of 72*g + 0 - 1/6*g**3 + 0*g**2. Calculate s(7).
-7
Let c(z) = -2*z - 20. Let d be c(-9). Let q be (-5)/(-2) + (-2 - 5/d). Let t(x) = -6*x - 8. Let l(j) = -6*j - 10. Let g(i) = 6*l(i) - 7*t(i). Calculate g(q).
14
Let j(f) = -5*f + 2. Let w(g) = -6*g + 2. Let h(k) = 7*j(k) - 6*w(k). Suppose 6 = 4*c - 6. Suppose -2*m + t - 19 = 0, c*t - t = -5*m - 25. What is h(m)?
-5
Let n(c) be the third derivative of c**6/240 + c**5/20 - 17*c**4/4 - 247*c**2. Let v(j) be the second derivative of n(j). Calculate v(-9).
-21
Let h(a) be the second derivative of a**3 + 7*a**2/2 + 15*a. Suppose -2*d + 3*y = -3, -42*d + 3 = -45*d + 2*y. Give h(d).
-11
Let w(p) = -p**3 + 20*p**2 - 34*p - 22. Let y(v) = -v**3 - v**2 + 160*v - 30. Let z be y(1